)?
-7
Let x(l) = 3*l**2 - 8*l - 1 - 3 + 6. Let s(r) = -7*r**2 + 17*r - 5. Let n(v) = -2*s(v) - 5*x(v). Determine n(3).
9
Let w(u) = u + 3. Suppose 0 = 5*s - v + 25, -3*v = -5*s + v - 40. What is w(s)?
-1
Let r(v) = -v**3 - 9*v**2 + 2*v - 9. Let g(a) = a**2 + 1. Let j(x) = -4*g(x) - r(x). Determine j(-4).
29
Let q(i) = 3*i**3 - 3*i**2 - 17*i - 8. Let m(f) = -f**3 + f**2 + 6*f + 3. Let j(t) = -8*m(t) - 3*q(t). Let d = 4 + -1. Determine j(d).
-9
Let k be (8 + -5)/((-6)/(-4)). Let i be 2 + 3 + (-1 - k). Suppose -3*f + t + 15 = 0, 3*f + i*t + 0*t - 15 = 0. Let p(h) = h**3 - 5*h**2 + h - 1. Determine p(f).
4
Let r(d) = -d. Let g(m) = 4*m**2 + 3*m - 1. Let s(v) = -g(v) - 4*r(v). What is s(-1)?
-4
Let c be (24/(5 + -1))/1. Let f(x) = -6*x - 2. Let l(z) = -z**2 - z - 1. Let k(u) = -f(u) + l(u). What is k(c)?
-5
Let x(v) = v + 6. Let u(d) = -d**2 + 4*d + 5. Let g be u(5). Determine x(g).
6
Let v(n) = -6*n**3 - 2*n**2 + 2*n + 3. Let g(c) = -7*c**3 - c**2 + 2*c + 2. Let w(h) = 5*g(h) - 6*v(h). Determine w(-7).
6
Let w(a) be the second derivative of -a**5/10 + a**4/12 - a**3/6 - a**2/2 - 27*a. Let x be 2*1*(-1)/2. Calculate w(x).
3
Let g(c) = 0*c**2 + 2*c**2 + 2*c**2 - 18 + c**3 - 5*c**2 - c. Give g(0).
-18
Let r = -23/12 + 2. Let m(u) be the second derivative of -3*u + 7/6*u**3 - 2*u**2 - r*u**4 + 0. Determine m(6).
2
Let q(z) = -7*z - 1. Suppose 0 = 2*g + 5*y - 12, -3*y + 3 = 2*g - 5*g. Suppose -g + 5 = 4*t. Calculate q(t).
-8
Let r(p) = p**3 - 3*p**2 - 5*p + 2. Suppose -3*q = 4 - 1. Suppose 0*j = 2*j - 4. Let n be j/(-2)*4*q. What is r(n)?
-2
Let d(p) = -2*p**3 - 4*p**2 - 4. Suppose -17*n - 51 = -0*n. What is d(n)?
14
Let a(x) = x**2 + 3*x - 1. Suppose -2 = -2*g - 12. What is a(g)?
9
Let u(s) be the second derivative of -s**3 - s**2/2 + 9*s. What is u(-1)?
5
Let s(k) be the second derivative of -k**4/12 - k**3/6 - 3*k**2/2 + k. Let x be (2/3 - 1)*0. Give s(x).
-3
Let h = 101 - 111. Let x(f) = -f**2 - 9*f + 7. Determine x(h).
-3
Let x(t) = t - 8. Suppose -p - 12 = 2*r + 3*p, 0 = r - 5*p + 41. Let i = r - -22. What is x(i)?
-2
Let g = 17 - 12. Let z(o) = 4*o - 7. Let d(b) = -b + 1. Let v be 2/4 - (-6)/(-4). Let r(u) = v*z(u) - 2*d(u). Give r(g).
-5
Let r(d) = -d**3 - 6*d**2 + 7*d + 8. Let m be (6/(-18))/(5/105). Determine r(m).
8
Suppose u = 5*h + 22, -3*h + h = -2*u + 4. Let m(z) = 2*z + 6. Let v be m(h). Let w(s) = s**3 + 5*s**2 + 5*s + 5. What is w(v)?
1
Let w be (5/2 - 3)*10. Let z = 10 + w. Let i(r) = -3*r + 9. Let q(k) = -3*k + 10. Let f(t) = 5*i(t) - 4*q(t). Calculate f(z).
-10
Suppose -4*t + 7 + 1 = 0. Let y(l) be the first derivative of -1/2*l**t - l - 1. Determine y(2).
-3
Let x(u) = -5*u**3 - 2*u - 1. Let d be (-2)/6 - 46/6. Let p(f) = -f**3 - 9*f**2 - 8*f - 1. Let c be p(d). What is x(c)?
6
Let r(a) be the third derivative of a**5/60 - 7*a**4/12 + 2*a**3/3 - 7*a**2. Let n be r(14). Let m(b) = b - 3. Give m(n).
1
Let m(a) = -96 + 3*a + 94 - 4*a - a**2. Give m(-3).
-8
Let d(t) be the third derivative of -t**5/30 + t**4/6 + t**3/2 - 16*t**2. What is d(4)?
-13
Let o(z) = z - 5. Suppose 2*v + 3*v - 40 = 0. Let y be o(v). Let d(n) = -n + y*n - 9 - 3*n. What is d(0)?
-9
Let v(b) = -b**3 - 5*b**2 + 2*b + 4. Let m(j) = -j**3 - 7*j**2 + 3*j + 16. Let l be m(-7). Give v(l).
-6
Let z(a) = a**2 + 2*a - 3. Let d be z(-3). Let y be 3/2*(-2 + d). Let u be -3*(3 - (-14)/y). Let j(g) = -g**2 + 4*g - 2. Determine j(u).
-7
Let k = -20 - -25. Let s(q) = -q + 4. Calculate s(k).
-1
Let r(n) = -n**3 - n**2 - n. Let t(k) = 3*k**2 + k + 1. Let q be t(-1). Suppose -5*w = 4*o + 2, -q*o + 0*o = -w + 11. Suppose -w*y = -5*y. What is r(y)?
0
Let i(n) = -1 - 1 + 3*n**2 + 2*n + 1. Let u be (1/(-3))/(12/(-72)). Suppose 0 = -o - u*o + c + 1, 3*c - 7 = -o. Determine i(o).
4
Let p(y) = -y**3 + 5*y**2 - 3*y + 6. Suppose 3*q + 8 = 2*m, -2*m - 2*q + 4 + 4 = 0. Calculate p(m).
10
Let n(l) = -2 + 0*l + 2*l - 3 - 2 + 1. Let v be (5/(-2))/((-4)/(-8)). Calculate n(v).
-16
Let p(j) = -j**2 + 10*j - 3. Suppose -3*y + 12 = -15. Determine p(y).
6
Let a = 9 + -9. Suppose a*s + 5*s = 0. Let j(p) = -p**3 - p - 1. What is j(s)?
-1
Let s(o) be the second derivative of 1/4*o**4 + 0 - 4*o - 1/60*o**5 - o**2 - 1/2*o**3. Let r(a) be the first derivative of s(a). Calculate r(5).
2
Let g(s) be the first derivative of -s**3/3 + 2*s**2 + s - 2. Suppose 0 = -0*n - 5*n + 10. Suppose n*d + 8 = 2*q - 8, 0 = 3*q - d - 18. Determine g(q).
-4
Let y(a) = -2*a**2 - 2*a. Let w be y(-1). Let x(r) = w - 2*r + 3 - 1 + 0*r. Determine x(-4).
10
Suppose -3*h - 3 = 3*s - 8*s, -4*s - 3 = 3*h. Let z = 0 + h. Let l(b) be the second derivative of -b**4/3 + b**3/6 - b. Determine l(z).
-5
Let n(y) = -3*y**2 - 5*y + 21. Let p(t) = 4*t**2 + 7*t - 31. Let g(u) = -7*n(u) - 5*p(u). Let k(s) be the first derivative of g(s). Give k(-4).
-8
Let c(h) = -3*h**2 + 3 - h - 3 + 4 - h**3 - h**2. Suppose 5*k - 3*d - 35 = 2*d, 0 = -4*d + 20. Suppose -k = 3*u + 3*y, -3*u - 12 = -3*y + 4*y. What is c(u)?
8
Let g(j) = -j**3 - 8*j**2 - 10*j - 1. Let t(i) = 6*i - 7. Let y be t(0). Give g(y).
20
Let j(w) = 3*w + 4. Let u = 5 + 7. Suppose 3*h - 16 = 4*r, 3*r - h + 5*h + u = 0. Give j(r).
-8
Let k(r) be the third derivative of r**6/120 + r**4/24 - 15*r**2. What is k(0)?
0
Let r(n) = n + 10. Let d(t) = -t**3 - 4*t**2 - 3*t + 3. Let w be d(-3). Let a be -2 + (-5)/(w - 2). Calculate r(a).
3
Let y be 3*((-20)/(-6))/5. Let v(q) = -2 - y*q + 2 + 1 + 3*q. Determine v(5).
6
Let w(m) be the second derivative of m**3/6 - m**2/2 - 3*m. Let a = -3 - -7. Suppose a*i - 9 - 3 = 0. Give w(i).
2
Suppose 0 = i + 5*f - 31, 2*f - 86 = -5*i - 0*i. Let z be (-1)/(-2) - 10/(-4). Suppose -z*m - m - i = 0. Let t(h) = h**2 + 5*h - 3. Determine t(m).
-7
Suppose 4*h - 3*t + 20 = 60, 4*t - 5 = -3*h. Let i(k) = k - 10. Give i(h).
-3
Let s(n) = 5*n**2 - 5*n - 12. Let y(r) = 2*r**2 - 3*r - 6. Let b(d) = -3*s(d) + 7*y(d). Determine b(-6).
-6
Let s(l) = -l**2 - 9*l + 8. Let n be s(1). Let h(o) = -o - 4. Calculate h(n).
-2
Let o(z) be the second derivative of -z**3/6 - 2*z**2 - z. Suppose -4*g - 5*s = -0 + 1, 3 = 3*g + 5*s. Determine o(g).
0
Let n be (-3*(-3 - -2))/(-2)*-2. Let m(w) = -w**3 + 3*w**2 + 4*w + 1. Give m(n).
13
Let l(q) = -2*q**2 + 1 + 6*q**3 - 7*q**3 - q + 2*q**3. Calculate l(3).
7
Let l(y) be the first derivative of y**4/4 + y**3/3 + y**2/2 - 12*y + 11. Determine l(0).
-12
Let z(o) be the second derivative of o**3/3 + o**2/2 + 6*o. Give z(5).
11
Let n(o) = o**2 + o + 5. Let v be n(0). Let b(s) = s**3 - 5*s**2 - s - 6. Determine b(v).
-11
Let x(f) = f**3 + 5*f**2 - 6*f + 3. Let s be (9 + (-6 - -3))/(-1). Calculate x(s).
3
Let k(c) = 6*c**2 + 3*c + 2. Let g(b) = 7*b**2 + 4*b + 3. Let x(j) = 3*g(j) - 4*k(j). Suppose -4*r = -0 - 8. Give x(r).
-11
Let c(b) be the third derivative of -b**6/120 + b**5/20 - b**4/8 + b**3/2 - b**2. Let h = 9 - 5. Suppose 0 = 2*o - 8, -h*j - 5*o + 30 = j. Give c(j).
1
Let m(z) = z**3 + 6*z**2 + 6*z + 7 + 0*z**2 - 1. Let v = 0 - -6. Let f be (-2)/v + (-28)/6. Give m(f).
1
Let c = -1175/24 + 49. Let a(p) be the third derivative of 2*p**2 + 0 + 0*p**3 + 0*p + c*p**4 - 1/60*p**5 - 7/120*p**6. Determine a(1).
-7
Let r(d) = 11*d**3 + d**2 + d. Let c be 3/2*(-8)/12. What is r(c)?
-11
Suppose -4*v + 7*v + 3 = 0. Let d be (v + -5)*(-4)/(-6). Let g(r) = r**3 + 3*r**2 - 4*r - 4. What is g(d)?
-4
Let u(o) = -4*o**3 + 28*o**2 + 22*o + 13. Let r(a) = -a**3 + 9*a**2 + 7*a + 4. Let j(h) = -7*r(h) + 2*u(h). What is j(-5)?
-27
Let r(y) be the first derivative of y**3/3 - 5*y**2/2 - 7*y + 11. What is r(5)?
-7
Let x be 6/15 + 54/15. Let l(k) = 1 - 3*k**2 + x*k - 2*k - 2*k. Determine l(-1).
-2
Let u(g) be the first derivative of -2*g**3/3 - g**2 - g + 6. Give u(-1).
-1
Let z(w) = -3*w**2. Let h = -31 - -32. Calculate z(h).
-3
Let f be 1 - ((-9)/(-3) - 4). Suppose -f*t - 14 = -2*i, -2*i - 18 = -i + 4*t. Let p(u) = -2*u + 5*u - u**i - u + 2*u**2. Determine p(-4).
8
Let q(j) = 154*j - 1. Let v be q(1). Let h be v/27 - 2/(-6). Let r(l) = 2*l - 4. Calculate r(h).
8
Let n(j) be the first derivative of j**3/3 - j**2/2 + 2. Suppose b = 5*b + 8. What is n(b)?
6
Let q be (-10)/(-15) - (-2)/(-3). Suppose -2*d + q*w - 3*w - 14 = 0, d = -4*w - 17. Let v(r) = 6*r**2 + 2*r + 1. Give v(d).
5
Let o(b) = -b + 2. Let l = -18 + 16. Calculate o(l).
4
Let n(u) = -u**3 - u**2 + 1. Let